e of 34?
True
Does 225 divide 847800?
True
Is 58 a factor of 1119400?
True
Does 4 divide 135394?
False
Is 11 a factor of 35064?
False
Does 17 divide 86190?
True
Does 58 divide 383380?
True
Is 40 a factor of 119869?
False
Does 1371 divide 2851680?
True
Does 13 divide 4544662?
False
Does 124 divide 54188?
True
Is 1128 a factor of 3949777?
False
Is 276067 a multiple of 6?
False
Does 10 divide 6619000?
True
Is 4 a factor of 965412?
True
Is 81 a factor of 200637?
True
Is 19760 a multiple of 20?
True
Does 24 divide 184440?
True
Is 1515 a factor of 8244009?
False
Does 131 divide 358678?
True
Is 30 a factor of 45482?
False
Does 210 divide 11340?
True
Is 11544752 a multiple of 1668?
False
Does 19 divide 1836831?
False
Is 121520 a multiple of 32?
False
Is 89810 a multiple of 69?
False
Is 4 a factor of 50232?
True
Is 1249 a factor of 4542613?
True
Is 1807 a factor of 1838103?
False
Does 7 divide 69286?
True
Does 10 divide 269719?
False
Is 122 a factor of 3631940?
True
Is 230983 even?
False
Does 264 divide 41712?
True
Is 12 a factor of 1077276?
True
Is 70 a factor of 133910?
True
Is 1030263 a multiple of 41?
False
Is 43 a factor of 351396?
True
Is 8 a factor of 216760?
True
Does 6 divide 157632?
True
Is 23831 a multiple of 8?
False
Does 7 divide 230454?
True
Is 10 a factor of 764280?
True
Is 42 a factor of 191419?
False
Is 24607 a multiple of 97?
False
Does 127 divide 5284?
False
Is 578191 a multiple of 3?
False
Is 5184718 a multiple of 262?
True
Is 239 a factor of 464377?
True
Is 327218 a multiple of 358?
False
Is 871963 a multiple of 454?
False
Is 95 a factor of 2563385?
True
Is 106 a factor of 5386284?
True
Is 27 a factor of 72441?
True
Is 937657 a multiple of 52?
False
Is 88 a factor of 13329712?
True
Does 10 divide 10064057?
False
Is 106964 a multiple of 52?
True
Is 9838005 a multiple of 465?
True
Is 118017 a multiple of 21?
False
Is 3618496 a multiple of 1379?
True
Is 136084 a multiple of 52?
True
Is 445621 a multiple of 478?
False
Is 67 a factor of 6178204?
True
Is 5004628 a multiple of 310?
False
Does 74 divide 222444?
True
Does 18 divide 341694?
True
Does 88 divide 2275944?
True
Does 119 divide 1382904?
False
Is 175682 a multiple of 377?
True
Does 371 divide 207843?
False
Is 43845 a multiple of 82?
False
Does 751 divide 1429153?
True
Is 3331 a multiple of 27?
False
Does 9 divide 10705950?
True
Is 52 a factor of 6017?
False
Is 1053667 a multiple of 182?
False
Does 2152 divide 23388912?
False
Is 490641 a multiple of 485?
False
Is 162441 a multiple of 5?
False
Does 188 divide 301104?
False
Does 27 divide 56469?
False
Is 339 a factor of 277641?
True
Is 452 a factor of 3778129?
False
Does 23 divide 57849?
False
Does 23 divide 148718?
True
Does 132 divide 587268?
True
Does 49 divide 525353?
False
Does 122 divide 477386?
True
Is 39 a factor of 195684?
False
Does 125 divide 1671773?
False
Is 132 a factor of 1060706?
False
Does 737 divide 1721632?
True
Is 486 a factor of 542866?
False
Does 189 divide 5253414?
False
Does 237 divide 192555?
False
Is 193 a factor of 2104665?
True
Does 53 divide 941175?
False
Is 297476 a multiple of 490?
False
Is 54 a factor of 478980?
True
Is 12524 a multiple of 124?
True
Is 2233 a multiple of 77?
True
Is 18662193 a multiple of 16?
False
Is 1055077 a multiple of 6?
False
Is 18887980 a multiple of 91?
False
Is 19 a factor of 289787?
False
Does 30 divide 582240?
True
Does 24 divide 3970944?
True
Is 268824 a multiple of 46?
True
Is 71 a factor of 3547977?
False
Does 29 divide 1235603?
True
Is 105 a factor of 10336663?
False
Is 49775 a multiple of 55?
True
Does 8 divide 289931?
False
Is 254018 a multiple of 214?
True
Is 5842 a multiple of 3?
False
Does 39 divide 50883?
False
Is 3 a factor of 4543245?
True
Is 37368 a multiple of 173?
True
Is 47990 a multiple of 10?
True
Does 6 divide 630208?
False
Does 67 divide 143715?
True
Is 668749 a multiple of 54?
False
Does 24 divide 615801?
False
Does 13 divide 21882151?
False
Is 20 a factor of 58760?
True
Is 93875 a multiple of 5?
True
Does 120 divide 1201200?
True
Is 14 a factor of 844909?
False
Is 161 a factor of 1376067?
True
Is 34 a factor of 962419?
False
Is 9 a factor of 1176669?
True
Is 82016 a multiple of 44?
True
Is 1885876 a multiple of 122?
True
Is 319 a factor of 3259363?
False
Is 334409 a multiple of 33?
False
Is 560830 a multiple of 34?
True
Is 188 a factor of 4156203?
False
Is 280989 a multiple of 81?
True
Is 231 a factor of 8768298?
True
Does 273 divide 15269163?
True
Is 273465 a multiple of 45?
True
Is 83908 a multiple of 44?
True
Does 1126 divide 28513?
False
Does 240 divide 2185440?
True
Is 12 a factor of 2333734?
False
Does 16 divide 710607?
False
Does 111 divide 760461?
True
Is 47133 a multiple of 4?
False
Is 4 a factor of 280552?
True
Is 87 a factor of 704091?
True
Does 235 divide 4293506?
False
Is 9351438 a multiple of 48?
False
Is 222556 a multiple of 11?
False
Is 4612688 a multiple of 454?
False
Does 85 divide 3634347?
False
Does 52 divide 755331?
False
Is 22 a factor of 299190?
False
Does 1097 divide 5335808?
True
Is 165335 a multiple of 15?
False
Is 363600 a multiple of 79?
False
Is 19316378 a multiple of 8?
False
Is 533 a factor of 10135607?
False
Does 6 divide 412890?
True
Is 1755 even?
False
Does 2 divide 33956?
True
Is 32571 a multiple of 63?
True
Is 659826 a multiple of 162?
True
Is 321 a factor of 13424909?
False
Is 80 a factor of 336640?
True
Is 101692 even?
True
Does 49 divide 5766720?
False
Is 11 a factor of 2269761?
False
Is 13 a factor of 809406?
True
Is 492 a factor of 1246275?
False
Is 7641 a multiple of 9?
True
Is 11 a factor of 569811?
True
Does 108 divide 488548?
False
Is 9 a factor of 1336?
False
Is 8824789 a multiple of 8?
False
Is 28 a factor of 3932893?
False
Is 1631 a factor of 2226315?
True
Does 91 divide 47323?
False
Is 525955 a multiple of 69?
False
Does 186 divide 296735?
False
Is 29 a factor of 1564122?
False
Is 23 a factor of 102801?
False
Is 10 a factor of 11502235?
False
Does 14 divide 13986?
True
Does 243 divide 780759?
True
Does 484 divide 3526602?
False
Does 55 divide 431475?
True
Does 189 divide 2016776?
False
Does 19 divide 3285555?
False
Is 682765 a multiple of 19?
True
Is 9157050 a multiple of 210?
True
Is 661760 a multiple of 5?
True
Is 876224 a multiple of 64?
True
Is 2253778 a multiple of 80?
False
Is 69 a factor of 339481?
False
Does 775 divide 1257825?
True
Does 11 divide 140785?
False
Is 249275 a multiple of 12?
False
Is 28 a factor of 155792?
True
Is 133602 a multiple of 6?
True
Does 2369 divide 25381466?
True
Does 52 divide 275548?
True
Is 1232146 a multiple of 6?
False
Is 3631331 a multiple of 360?
False
Does 170 divide 150790?
True
Is 9 a factor of 417700?
False
Does 1422 divide 21223095?
False
Does 31 divide 300917?
True
Is 21 a factor of 50684?
False
Does 14 divide 35098?
True
Is 5 a factor of 3471330?
True
Does 96 divide 1311360?
True
Is 608 a factor of 10097974?
False
Is 126208 a multiple of 17?
True
Is 2610254 a multiple of 373?
True
Is 30 a factor of 163191?
False
Does 18 divide 637578?
True
Is 147 a factor of 26865132?
True
Is 299 a factor of 326209?
True
Does 4 divide 45636?
True
Does 27 divide 526635?
True
Is 3 a factor of 42411?
True
Is 53 a factor of 1130861?
True
Does 119 divide 27682?
False
Does 5 divide 8995?
True
Is 3880772 a multiple of 721?
False
Is 20172 a multiple of 12?
True
Does 17 divide 12134402?
False
Is 264258 a multiple of 159?
True
Is 142 a factor of 75213?
False
Is 9 a factor of 334620?
True
Does 36 divide 74556?
True
Does 415 divide 1174865?
True
Does 94 divide 149044?
False
Is 16 a factor of 562560?
True
Is 55722 a multiple of 222?
True
Is 749 a factor of 2857644?
False
Does 436 divide 2406517?
False
Is 66 a factor of 422615?
False
Does 164 divide 4441?
False
Is 1795721 a multiple of 5?
False
Is 366228 a multiple of 18?
True
Is 119 a factor of 1257606?
False
Does 28 divide 13216?
True
Is 7 a factor of 33468?
False
Does 5 divide 21716?
False
Does 323 divide 4205137?
True
Is 272 a factor of 1877081?
False
Is 4889580 a multiple of 681?
True
Is 16 a factor of 205655?
False
Is 306306 a multiple of 429?
True
Is 36 a factor of 100600?
False
Is 15 a factor of 610522?
False
Is 5 a factor of 1378791?
False
Is 4 a factor of 649974?
False
Is 1485587 a multiple of 48?
False
Is 11 a factor of 192